me number?
True
Let y be (-17 - -7)/(-4 - -2). Suppose g - 1943 = -2*w, y*w - 3*g - 4363 = 500. Suppose w = -5*v + r + 3829, 4*v = 2*r + 2288. Is v a prime number?
True
Let b(z) = 86*z**2 - 14*z + 77. Is b(4) composite?
True
Suppose 0 = 4*s + s + 30. Let o be (1 - 9)*9/s. Let m(i) = 3*i**2 - 8*i + 11. Is m(o) a composite number?
False
Let u = 177 + 229. Suppose k + 3*k + 16 = 0. Is (u/4)/((-2)/k) a prime number?
False
Let d(u) = -69*u. Let z be d(-1). Let s = -27 + z. Let v = s - 7. Is v a prime number?
False
Let t(s) = s**2 - s. Let m(b) = 2*b**2 - b. Let f(q) = -m(q) + 5*t(q). Let v be f(2). Suppose -z + 65 = -2*l, -2*z - v*l + 137 = -l. Is z composite?
False
Suppose -5 = c, -4*m = -2*c + 2 - 0. Is (107 - m) + -2 - 2 a prime number?
False
Suppose -9551 - 6473 = -4*m. Is m a prime number?
False
Suppose -w - 15 = 1. Let z = w - -429. Is z a composite number?
True
Let d be (-2)/4*2*-4. Let n(z) = 164*z**2 - 4 - z + d. Is n(1) prime?
True
Let o = 22 + -7. Let x be ((-910)/(-25))/(3/o). Suppose -2*v = -4*v + x. Is v composite?
True
Let p(u) = 49*u**2 - 23*u - 17. Is p(-7) prime?
False
Suppose 4*m = n + 4277, -3 + 0 = 3*n. Is m a prime number?
True
Let h be -4 + 2/((-4)/(-30)). Suppose -h*r + 24*r = 19591. Is r a prime number?
False
Suppose -z - 135 = -6*z. Suppose 0 = 2*g + 2*d - 0*d, 5*g - 4*d = z. Suppose -g*u + 236 + 1171 = 0. Is u a prime number?
False
Let c = 3283 + 7848. Is c a composite number?
False
Let q be (17/2 - 7)/(1/2). Let n(d) = 71*d**2 + 3*d - 14. Is n(q) composite?
True
Let q(r) = -256*r**3 - r**2 + 2. Is q(-1) a prime number?
True
Let b = 11 + -7. Suppose b*z = 5 - 1, 2*f - 7 = 3*z. Suppose -3*q - f*u = q - 230, -3*q - 5*u + 175 = 0. Is q a composite number?
True
Let d be (2 + (-4 - -2))/(-1). Suppose 1530 = 4*x - 2*j, d = -3*x - 0*j - 4*j + 1131. Is x a prime number?
False
Let l be 4/10 - (-10)/(-25). Suppose -2*s = -l*s - 142. Is s prime?
True
Let o(x) = -26*x**3 + 3*x**2 - 1. Let v be o(-8). Suppose 5*z = -5078 + v. Is z a prime number?
False
Suppose -5*w = 6 - 1. Let c be -82 + 2/w + 4. Let y = -9 - c. Is y a prime number?
True
Let c = -663 - -1214. Suppose 2*v - 5*n - c = 0, 3*v = 2*n - n + 833. Is (-1)/(-4) + v/8 a composite number?
True
Suppose 3*b + 0*b = 2*c + 19, -4*b - 2*c = -16. Suppose 2*d + 817 + 636 = b*y, 2*d + 8 = 0. Is y a prime number?
False
Let i be (-2)/(-19) - 279/(-57). Is 427*i/(-20)*-4 prime?
False
Let h be (-2)/(-20) - 7745/(-50). Suppose t - z - 75 = z, 0 = -2*t + 5*z + h. Is t prime?
False
Suppose -3*s = 3*s - 30. Let o be s + -1 - (51 + -1). Is (o/6)/((-4)/156) composite?
True
Suppose 0 = -5*s - 2*b + 31, -4 = -2*s + b + b. Suppose -o = -4*g + 2*g - 21, -3*o = -s*g - 64. Is o a prime number?
True
Suppose -m + 572 + 310 = 0. Suppose 3*v - m = -3*l, -l = 5*v + 139 - 437. Is l a prime number?
True
Suppose 5*t = 5, 12*v - 9*v = -t + 20128. Is v composite?
False
Is 18377 + 0 + 91/13 + -13 composite?
False
Let k = 1482 + -562. Let o = k - 213. Is o prime?
False
Let n(h) = 57*h**2 + 10*h + 6. Let q be 2/(-3) + (-56)/6. Let y = q + 3. Is n(y) a prime number?
True
Suppose -2*r + 2*a = -1736, -15 = 4*r + a - 3507. Suppose 5*v + r = 12307. Is v a composite number?
False
Let q = 57 + -61. Is (-372)/(-24) + 6/q prime?
False
Let d = 659 - 962. Suppose 532 = -2*w + 1420. Let y = d + w. Is y a composite number?
True
Is 2898 + (-4 - 3) + 8 composite?
True
Suppose 6*r + 1 = 19. Suppose r*j + 1177 = 4630. Is j prime?
True
Suppose 10 = -q + 3*q, 4*q - 32805 = -5*a. Is a prime?
False
Suppose 4*x = j - 81245, 0*x + 324938 = 4*j - 2*x. Is j a prime number?
True
Let u(y) = 380*y**2 + 7*y + 8. Is u(-1) prime?
False
Suppose -537 = -12*q + 1371. Is q prime?
False
Let z(k) = 2*k**2 - 13*k - 20. Let n be z(10). Suppose 2*g - n = 276. Is g a composite number?
False
Let o = -15 + 18. Suppose -o*a = -4*a + 259. Is a prime?
False
Let c be 16/(-8) + (5 - 0). Suppose 9*q - 18324 = -c*q. Is q prime?
False
Let d = 10 + -8. Let w(n) = -106*n - 6. Let f(t) = t + 1. Let j(p) = -5*f(p) - w(p). Is j(d) a composite number?
True
Is 2 - (-1 + 8386/(-7)) a prime number?
True
Suppose -a - 1556 = -5*a + 4*z, 2*a = -2*z + 778. Suppose -2*g - 4*l + 2880 = 2*g, 3*g + 5*l = 2152. Let o = g - a. Is o a prime number?
False
Let u = -6564 + 10355. Is u prime?
False
Suppose 5*y = -6*s + s + 255, 3*s - 165 = y. Suppose -s = q - 0*q. Let d = -1 - q. Is d a prime number?
True
Let o(j) = -396*j - 421. Is o(-20) prime?
True
Let q(n) = 145*n + 13. Is q(16) composite?
False
Let f(t) = 682*t**2 + 26*t + 46. Is f(-2) prime?
False
Let z(y) = -7*y + 12. Let l(h) = -2*h + 4. Let c(t) = 8*l(t) - 3*z(t). Is c(10) a composite number?
True
Suppose 0 = -3*g + a + 97589, 0 = a - 91 + 87. Is g a composite number?
False
Let x = -78 - -82. Let d(l) = 39*l + 11. Is d(x) a prime number?
True
Suppose 0 = 4*j + 3*j + 17227. Let y = 4362 + j. Is y prime?
True
Let p(b) = 9 - 21*b**2 + 0 + 8*b + 24*b**2. Suppose -2*h + 5*h = -18. Is p(h) a composite number?
True
Suppose 0*a + 175 = a. Suppose 3*u - 235 = 5*y, -2*u = 4*y - 18 - 146. Suppose 0 = -5*c + a + u. Is c prime?
False
Is (-5 - -1)*(1 + (-23900)/16) a composite number?
True
Suppose -4*u + 5 = -7. Suppose -4*i - u*t + 3519 + 833 = 0, 0 = -2*i + 3*t + 2158. Suppose 2*a + i - 30 = 5*p, -5*p - 5*a = -1055. Is p prime?
True
Is (-45)/180 + (-193047)/(-12) a prime number?
True
Let o(d) = -5*d + 5. Let g(s) = -3*s - 24. Let i be g(-6). Is o(i) prime?
False
Suppose 311*h = 305*h + 8742. Is h composite?
True
Suppose -11*g = -13449 - 21652. Is g a prime number?
True
Let w(r) be the third derivative of 7*r**4/2 + r**3/3 - 93*r**2 - 2. Let g be (10/4)/((-1)/(-2)). Is w(g) prime?
False
Suppose 3*b - 26 = -8. Let u be (-63)/b*(-760)/6. Suppose -1392 = -3*k + f - 385, 4*k + 5*f - u = 0. Is k a prime number?
False
Let p = -56 + 52. Is ((-53)/p)/(125/20 + -6) a composite number?
False
Suppose 3*a = 3*u + 618 + 3009, 0 = -4*a + 5*u + 4832. Is a a prime number?
True
Suppose 3*g + 0*p - 9 = 3*p, 4*g = p + 15. Let z = g + -5. Let n = z - -150. Is n composite?
False
Is (-2514)/4*(13 + -15) - 2 prime?
False
Let x(a) = 43285*a - 168. Is x(7) a prime number?
False
Let u = -49 + 52. Suppose -u*h = -250 - 1403. Is h a composite number?
True
Let a = 1737 + 18856. Is a composite?
False
Suppose 5*c - 195705 = -16*s + 11*s, -39153 = -c + 2*s. Is c composite?
True
Let q be (-2)/(-4) + (-674)/4. Is (4/14 + 132/q)*-3386 prime?
True
Suppose 2070 = 3*v - 1419. Is v composite?
False
Let s be 9/(-36) - (-13)/4. Suppose -s*m + 0*m = 150. Is (-393)/(-5) + (-20)/m a prime number?
True
Let v(u) = u**3 - 2*u**2 - 16*u + 22. Let b be v(9). Let t = b + -182. Is t composite?
False
Let x(n) be the third derivative of -n**6/60 + n**4/12 - n**3/3 - 6*n**2. Let i be x(4). Let k = 81 - i. Is k a prime number?
False
Suppose m = -2*c - 2, 2*c - 3*m + 11 = -7. Let h be 5 - (2 + (c - -2)). Suppose -3*n - 1 = 2, -4*u = h*n - 120. Is u prime?
True
Let x(v) be the first derivative of 535*v**3/3 + v**2 - 2*v - 26. Is x(1) composite?
True
Let t be (-3 + 5 + -1)*(-14636)/(-4). Suppose 13*j - 14*j + t = 0. Is j composite?
False
Let d(n) be the second derivative of 203*n**3/6 - n**2/2 - n. Is d(1) composite?
True
Let v be 24*((-4)/(-8))/1. Let w be ((-77)/4)/(2/(-8)). Let y = v + w. Is y a composite number?
False
Suppose 17*m - 87644 - 53949 = 0. Is m a composite number?
False
Is 0 + (-10)/4*(-7556)/5 a composite number?
True
Let y be (-6)/(-8) - (-6)/(-8). Suppose -2*r + 2*o + 1042 = y, 3*o = -r + 2*o + 521. Is r a composite number?
False
Suppose -5*a = 2*i - 6497, 11*a - 8*a = -3*i + 9750. Is i composite?
False
Let c(d) = -3*d**3 - d**2 - 28*d + 13. Is c(-8) prime?
True
Suppose -x - 2*l + 4 = -2, 0 = l - 2. Suppose x*q = 186 + 68. Is q prime?
True
Let z(y) = 71*y**3 - 2*y**2 - 2*y - 3. Let a be z(-2). Let p = a + 1012. Is p a composite number?
True
Suppose 6*v = v + 155. Suppose v*o - 28*o = 435. Is o a composite number?
True
Suppose -29*y + 19*y + 100390 = 0. Is y prime?
True
Suppose 4 = 2*m, -4*m = 3*k - k - 128. Let b be 10/k - (-12146)/(-12). Let x = b - -1703. Is x composite?
False
Let d(n) = 555*n + 13. Let g be d(2). Let u = -550 + g. Is u a composite number?
True
Let d be 2*2 - (-34 + -18). Suppose 39 = 5*m - d. Is m prime?
True
Let j be 1*(-3 - -2)*-5. Suppose 1487 = -j*i +